232?
False
Is 20278907 a multiple of 245?
False
Is 123942920 a multiple of 5?
True
Does 9 divide 4728940?
False
Does 15165 divide 1163916142?
False
Is 738360720 a multiple of 1840?
True
Is 7910 a factor of 1217504318?
False
Is 11090964 a multiple of 77?
False
Is 811178929 a multiple of 8218?
False
Is 1128130385 a multiple of 165?
False
Is 36 a factor of 1960598486?
False
Is 1640469118 a multiple of 604?
False
Is 27255090 a multiple of 3?
True
Does 1339 divide 4533989239?
True
Does 10 divide 1131260982?
False
Is 272749176 a multiple of 87?
True
Is 2 a factor of 3330337?
False
Is 45335778 a multiple of 117?
False
Does 11 divide 9250538?
True
Is 171605112 a multiple of 4218?
True
Does 29 divide 4040887042?
False
Does 392 divide 1230181156?
False
Is 310 a factor of 1140591517?
False
Is 15 a factor of 1084279911?
False
Is 5713070 a multiple of 1120?
False
Does 668 divide 456294971?
False
Is 35410544 a multiple of 160?
False
Is 10802 a factor of 2970994060?
False
Does 134 divide 472632447?
False
Is 200 a factor of 1966600?
True
Is 3 a factor of 184238181?
True
Does 40 divide 705282640?
True
Does 79 divide 7022992?
False
Is 73428632 a multiple of 4?
True
Is 830 a factor of 702641480?
True
Does 16 divide 584225616?
True
Is 60549339 a multiple of 453?
True
Is 467 a factor of 8777925?
False
Does 6 divide 62194068?
True
Is 10427065 a multiple of 24?
False
Is 38160639 a multiple of 991?
False
Is 32104537 a multiple of 210?
False
Does 319 divide 24880459?
False
Is 11175840 a multiple of 48?
True
Is 39 a factor of 154786632?
True
Is 5491935 a multiple of 765?
True
Does 455 divide 264996095?
True
Is 212285875 a multiple of 125?
True
Is 837 a factor of 110717057?
False
Is 8 a factor of 506169271?
False
Is 12362 a factor of 6377246750?
True
Does 742 divide 1038383738?
True
Does 42 divide 19364730?
True
Is 20116173 a multiple of 10?
False
Does 4315 divide 331860975?
False
Does 11 divide 4580884?
True
Does 129 divide 439740360?
True
Does 417 divide 260416083?
True
Is 20259789 a multiple of 682?
False
Is 9 a factor of 1256436?
True
Does 81 divide 4210268535?
False
Is 506 a factor of 10712526?
True
Is 757443714 a multiple of 59?
False
Is 366873661 a multiple of 131?
False
Is 58011331 a multiple of 586?
False
Is 33 a factor of 150469782?
False
Is 140 a factor of 13938962?
False
Is 533 a factor of 81909128?
False
Is 1503125744 a multiple of 2806?
False
Is 120657538 a multiple of 12?
False
Does 480 divide 525929233?
False
Does 44 divide 42550772?
True
Is 326751440 a multiple of 944?
True
Is 67 a factor of 72010595?
True
Is 115 a factor of 33008821?
False
Is 5 a factor of 3008690?
True
Does 56 divide 2189176?
False
Is 105073249 a multiple of 19?
True
Is 520647827 a multiple of 11144?
False
Does 544 divide 148626861?
False
Is 216140791 a multiple of 62?
False
Is 55779516 a multiple of 684?
True
Does 3840 divide 36514560?
True
Is 236775630 a multiple of 50?
False
Is 99727903 a multiple of 8?
False
Does 28 divide 74204256?
True
Is 1087 a factor of 251125262?
True
Is 46 a factor of 327367050?
True
Is 197 a factor of 2448584905?
True
Does 2 divide 119567280?
True
Does 4230 divide 499876020?
True
Is 2172455 a multiple of 320?
False
Is 73539030 a multiple of 258?
True
Is 50 a factor of 228248?
False
Is 30417656 a multiple of 4?
True
Is 235 a factor of 65422008?
False
Is 1633936872 a multiple of 888?
True
Does 181 divide 54699710?
False
Is 716 a factor of 672620233?
False
Is 31 a factor of 3298905331?
True
Is 22 a factor of 2831144536?
True
Is 2023 a factor of 2121099316?
True
Is 142787519 a multiple of 2077?
True
Does 1090 divide 46503760?
True
Is 13 a factor of 72183527?
True
Is 10 a factor of 1737581160?
True
Does 21 divide 86817927?
True
Is 1771 a factor of 775209204?
True
Is 1044471819 a multiple of 50?
False
Is 52 a factor of 110415041?
False
Does 199 divide 529034648?
False
Does 561 divide 55163130?
True
Is 937933031 a multiple of 508?
False
Does 92 divide 24306651?
False
Is 411 a factor of 445931398?
False
Does 18 divide 179422056?
True
Is 66 a factor of 21431652?
True
Is 12 a factor of 5011088591?
False
Is 129248705 a multiple of 17?
True
Is 636 a factor of 1202335104?
True
Is 40549412 a multiple of 4586?
True
Is 700441958 a multiple of 24?
False
Does 80 divide 656964720?
True
Does 18 divide 25106846?
False
Does 566 divide 1269895712?
True
Is 87130413 a multiple of 501?
True
Does 1329 divide 21035412?
True
Does 1016 divide 386412000?
False
Is 80211060 a multiple of 134?
True
Does 320 divide 651794261?
False
Is 99 a factor of 35122019?
False
Is 291586248 a multiple of 49?
False
Is 2606 a factor of 487613872?
True
Is 587 a factor of 4836293?
True
Is 1763 a factor of 599935015?
False
Is 61 a factor of 40632153?
False
Does 336 divide 2392656?
True
Does 527 divide 144840317?
False
Does 2109 divide 829170288?
False
Does 247 divide 96569837?
True
Is 52 a factor of 69870701?
False
Is 757382604 a multiple of 33?
True
Does 315 divide 675438750?
True
Does 9 divide 2742186040?
False
Is 132204394 a multiple of 37?
False
Is 29766470 a multiple of 10?
True
Is 203 a factor of 876882747?
False
Is 977 a factor of 3478676611?
False
Is 264 a factor of 230008416?
True
Does 1308 divide 221374248?
False
Does 14 divide 1630074124?
True
Is 31 a factor of 1744618?
True
Is 122 a factor of 329610895?
False
Does 11 divide 2683163152?
False
Is 194370456 a multiple of 57?
True
Is 41851999 a multiple of 434?
False
Does 15 divide 361605?
True
Does 12 divide 6765500?
False
Does 8 divide 9556692?
False
Does 28 divide 174125?
False
Does 548 divide 66549120?
True
Is 8921073 a multiple of 357?
True
Does 336 divide 1333580976?
True
Is 45473046 a multiple of 56?
False
Is 43256298 a multiple of 9?
False
Does 19 divide 231512404?
False
Is 2541 a factor of 703630851?
True
Does 23 divide 7268144?
False
Is 12415400 a multiple of 20?
True
Is 3298688 a multiple of 688?
False
Is 834 a factor of 849785952?
True
Is 1477822539 a multiple of 2997?
False
Is 7270979641 a multiple of 8101?
True
Is 275551468 a multiple of 2?
True
Is 10728381 a multiple of 1100?
False
Is 361744376 a multiple of 63?
False
Is 1338413334 a multiple of 43?
False
Is 1671680 a multiple of 40?
True
Is 5039594 a multiple of 243?
False
Is 796256064 a multiple of 272?
True
Is 402237524 a multiple of 52?
True
Is 2317550675 a multiple of 97?
True
Is 2872 a factor of 143364496?
True
Does 480 divide 190857149?
False
Does 1338 divide 9156923?
False
Is 2309797476 a multiple of 1519?
True
Is 19 a factor of 23152089?
True
Does 5109 divide 1476158697?
True
Does 2422 divide 206126223?
False
Is 9200790 a multiple of 111?
True
Is 50 a factor of 21129950?
True
Is 140 a factor of 1064421558?
False
Is 443888536 a multiple of 56?
True
Does 974 divide 1395746913?
False
Is 271 a factor of 3363802676?
True
Does 99 divide 3929647124?
False
Is 177 a factor of 1038317490?
False
Does 1540 divide 247072936?
False
Is 562 a factor of 624787764?
True
Is 168382802 a multiple of 533?
False
Does 17 divide 74827775?
False
Is 98456520 a multiple of 1445?
True
Is 100294084 a multiple of 1292?
True
Is 130 a factor of 52331240?
True
Does 2172 divide 120339660?
True
Does 207 divide 39730271?
False
Is 941 a factor of 147849507?
False
Is 293928523 a multiple of 7?
True
Is 3 a factor of 2024415?
True
Is 75314894 a multiple of 229?
True
Does 1998 divide 128410692?
False
Is 111 a factor of 12930794?
False
Does 31 divide 271381595?
True
Is 436768888 a multiple of 86?
True
Does 14 divide 1168849441?
False
Is 188 a factor of 302097528?
False
Does 118 divide 1371054744?
True
Does 60 divide 444431424?
False
Does 111 divide 5200119156?
False
Is 17 a factor of 22989814?
True
Is 104 a factor of 1324099608?
True
Does 6 divide 36314863?
False
Is 177390841 a multiple of 4898?
False
Does 1671 divide 123692433?
True
Is 40 a factor of 84474224?
False
Is 154848343 a multiple of 13?
True
Is 59 a factor of 40102536?
True
Does 16 divide 226372668?
False
Does 89 divide 1216719?
True
Does 1882 divide 1524943196?
True
Is 27 a factor of 746655305?
False
Does 350 divide 2512037150?
True
Is 63 a factor of 363333422?
False
Does 24 divide 89643816?
True
Is 23 a factor of 2808852?
True
Does 365 divide 17959986?
False
Is 197 a factor of 62189157?
True
Is 97 a factor of 77307623?
False
Is 1385177 a multiple of 36